divided by 14?
10
Let v(m) = m - 7. Let h be v(-5). Let o = h + 12. Let l(g) = g**3 + g**2 + g + 13. Calculate the remainder when 37 is divided by l(o).
11
Let c(p) = -75*p + 349. What is the remainder when 584 is divided by c(4)?
45
Let f(n) = n**3 + 44*n**2 + 119*n - 49. What is the remainder when f(-41) is divided by 13?
11
Let p = 1 + -2. Let j(w) = w**3 + w**2 + w. Let r(g) = g**3 + 5*g**2 + 5*g + 1. Let i(f) = -4*j(f) + r(f). What is the remainder when 23 is divided by i(p)?
3
Suppose -190 = -4*d + 2*d. Suppose 5*y - 3*y - 50 = 0. Let o = y + -1. What is the remainder when d is divided by o?
23
Let p(j) = 17*j - 22. Calculate the remainder when 185 is divided by p(5).
59
Suppose -t - 3*t = -44. Let x = 37 - t. What is the remainder when x is divided by 9?
8
Suppose -5*j = 2*m + 146, -4*m = 5*j - 2*j + 278. Let q = m - -363. Suppose 0*z - q = -5*z. Calculate the remainder when z is divided by 20.
19
Let h(k) = k**3 + 42*k**2 - 3*k + 24. What is the remainder when h(-42) is divided by 19?
17
Suppose 4*a - 1066 = 426. Suppose 5*u + 0*o = 3*o + 476, -4*u = -5*o - a. What is the remainder when u is divided by 25?
22
Let i = 18 - 10. Suppose 3*c - i = 4. Suppose -c*s = -6*s + 216. Calculate the remainder when s is divided by 37.
34
Suppose -4*w - 283 = -323. Calculate the remainder when 19 is divided by w.
9
Let y = -31 - -56. Let c be (9/(-3))/(2/146). Calculate the remainder when (c/(-12))/(1/4) is divided by y.
23
Suppose 12*l - 5*l = -959. Let i = l + 148. Calculate the remainder when 41 is divided by i.
8
Let z(l) = 77*l + 13. Calculate the remainder when z(2) is divided by 3.
2
Suppose 0 = -347*b + 345*b + 556. Calculate the remainder when b is divided by 57.
50
Let u = 405 + -336. Calculate the remainder when u is divided by 25.
19
Let h = -18 - -47. Suppose -h*t - 14 = -31*t. Suppose -4*b + 3*b = 4*m - 71, 0 = -2*m - 4*b + 32. Calculate the remainder when m is divided by t.
4
Let n be 286/4 + (-2 - 0)/4. Let h = n + -28. What is the remainder when 83 is divided by h?
40
Let z = 110 + -88. What is the remainder when 24 is divided by z?
2
What is the remainder when 2/6*(265 - -2) is divided by (-30)/42*-7 + 65/5?
17
Let p(x) = 63*x**2 + 3*x + 1. Let v be p(-1). Let m = v - 25. Calculate the remainder when 9 is divided by (2/(-3))/((-12)/m).
1
Let l = 56 - 44. Calculate the remainder when 1989 is divided by l.
9
Suppose -2*v = 5*c + 366, -4*v - 47 = 2*c + 93. Let k = 35 - c. Calculate the remainder when k is divided by 8.
5
Let w = 40 + 46. Suppose -3*n + w = -55. What is the remainder when n is divided by 2 + 23 + 1/(-1)?
23
Suppose -5*v = -6*v. Let m = v + 2. Suppose -14 = -2*j - 4*q, 3*j - 25 = m*q + 4. Calculate the remainder when j is divided by 6.
3
Let p(t) = 2*t - 28. Let n be p(16). Suppose -n*s + 36 = -12. Calculate the remainder when 46 is divided by s.
10
Let k = 21 - 22. What is the remainder when k/(((-12)/56)/3) is divided by 3?
2
Let u(f) = 5*f + 2. Let c = 15 + -11. Calculate the remainder when u(1) is divided by c.
3
Suppose -5*c = -292 - 443. Calculate the remainder when c is divided by 75.
72
Let v(y) = -y**3 - 14*y**2 - 12*y + 17. Let p be 2/8 - (-106)/(-8). What is the remainder when 18 is divided by v(p)?
2
Let s = 62 - 56. Let a(u) = -u**3 + 6*u**2 + 8*u - 12. What is the remainder when 106 is divided by a(s)?
34
Suppose -5*l + 5*i + 60 = 0, -3*l - 5*i + 84 - 24 = 0. Suppose 619 + 299 = 9*r. Calculate the remainder when r is divided by l.
12
Suppose -1 = -2*v + 3*v. Let a be (-20)/((1 - 2)/v). Let i = a + 36. Calculate the remainder when i is divided by 6.
4
Let f(m) = -2*m**2 - 12*m + 73. Calculate the remainder when f(-9) is divided by 5.
4
Let b be (-8 + 2)*4/(-12). What is the remainder when 7 is divided by 3 - (-1 + b/2)?
1
Suppose 3*v = 4*a - 26, -5*a + 3*v = -55 + 21. Calculate the remainder when 101 is divided by a.
5
Suppose -44*b + 4*w - 56 = -46*b, w = -4. What is the remainder when 197 is divided by b?
17
Let k(f) = 4*f**2 + 4*f - 5. What is the remainder when k(-5) is divided by (-11)/(180 - 4) - 514/(-32)?
11
Suppose -58 - 182 = -10*q. Suppose -19*u = -q*u + 80. What is the remainder when 28 is divided by u?
12
Let y(m) = 2*m - 5. Let a be y(0). Let z(p) = -2*p**3 - 6*p**2 + 6*p + 3. Calculate the remainder when z(a) is divided by 21.
10
Suppose -8*t + 5*t = 15. Let l = 5 + t. Suppose l = 4*w + 3*f - 0*f - 72, -5*w - f = -79. What is the remainder when 42 is divided by w?
12
Let r(j) = -j - 3. Let f be r(-8). Suppose f*u - 48 = -u. Let p = 78 + -55. What is the remainder when p is divided by u?
7
Suppose -5*x = -c + 27, -c - 2*x = -3*x - 19. What is the remainder when 97 is divided by c?
12
Suppose -44*g + 8929 = -6383. What is the remainder when g is divided by 13?
10
Suppose -3*c = 4*f - 128, 164 = -c + 4*c - 5*f. Let h = -16 + c. Calculate the remainder when h is divided by 12.
8
Suppose -2*w = -7*w. Suppose -2*q + r + 123 = 0, 4*q + 4*r - 3*r - 237 = w. Suppose d + q = 5*d. Calculate the remainder when 44 is divided by d.
14
Let f(k) = 3*k**2 + 2*k + 1. Let y be f(-1). Let w(n) = 3*n**y + 34*n**3 + 3*n - 2 - 3*n**2 + n**2 - 33*n**3. What is the remainder when 46 is divided by w(2)?
14
Let l(q) = -q**3 + 3*q**2 + 23*q - 11. What is the remainder when 91 is divided by l(6)?
15
Let i(u) = -2*u - 47. Let v be i(-23). Calculate the remainder when 167 is divided by (-2 - 266/(-6)) + v/3.
41
Let j(x) = -x**2 + 12*x - 17. Calculate the remainder when 230 is divided by j(5).
14
What is the remainder when 573 is divided by (-15 - -16)/(2/50)?
23
What is the remainder when 28 is divided by (18/36)/((-3)/(-168))?
0
Suppose 0 = 12*m + m - 13. Calculate the remainder when 27 is divided by m.
0
Let f = 15 - -5. What is the remainder when 17 is divided by 21/14*f/3?
7
Suppose -d - 30 = -3*d. Suppose -16*m = -10*m - 216. Let y = m + -32. What is the remainder when d is divided by y?
3
Suppose 66*s + 416 = 70*s. Let g = s + -98. Calculate the remainder when g is divided by 1.
0
Let t(i) = i**3 + 8*i**2 + 3*i + 65. Calculate the remainder when 899 is divided by t(-8).
38
Suppose -56 = -5*a + 3*i, 0 = -3*a + i + 44 - 12. Calculate the remainder when 255 is divided by a.
5
Suppose 7*h + 27 = 3*l + 2*h, 0 = 2*l - 4*h - 18. Let t(j) = j**2 + 16*j - 41. Let p be t(-20). Let m = -34 + p. Calculate the remainder when l is divided by m.
4
Let s(y) = y**3 + 4*y**2 + 4*y + 3. Let f(n) = -2*n**3 + 37*n**2 + 23*n - 51. Calculate the remainder when s(4) is divided by f(19).
22
Let n(p) = -3*p - 2. Let t(m) = m - 12. Let u be t(15). Suppose 2*f + 4 = -u*o, 5*f + 2*o + 10 = 3*o. What is the remainder when n(f) is divided by 2?
0
Suppose 65*f - 41*f - 528 = 0. Let w(i) = -i**2 + 6*i - 2. Let q = 0 + 4. Calculate the remainder when f is divided by w(q).
4
Suppose -4*f + 80 = o, 0*f + 3*o = f - 7. Calculate the remainder when 142 is divided by f.
9
Let h = 1260 + -1207. Calculate the remainder when h is divided by 7.
4
Let c = 291 + -279. Calculate the remainder when 47 is divided by c.
11
Let k(m) = -9 - 10 + m + 49*m**2 + 19. What is the remainder when k(-1) is divided by 13?
9
Let q = 886 - -53. What is the remainder when q is divided by 16?
11
Let m(u) = -2*u**2 - u**3 - 3*u - 76 - 4*u**2 + 71. What is the remainder when m(-6) is divided by 8?
5
Suppose 132 + 57 = 3*j. Suppose 0 = 2*m - m - j. Calculate the remainder when m is divided by (-2 - 4/(-3))/(6/(-117)).
11
Suppose -36 = -z + 4. Calculate the remainder when 70 is divided by z.
30
Let j = -1569 - -1746. What is the remainder when j is divided by 49?
30
Let b = 7 - -15. Let m = b - 20. Suppose 3*v - 28 + m = 4*w, 2*w = 8. Calculate the remainder when 54 is divided by v.
12
Let u(q) = -2*q**3 + 25*q**2 - 36*q + 21. What is the remainder when u(10) is divided by 27?
26
Let p = -282 - -295. Calculate the remainder when 26 is divided by p.
0
Let d be 46/14 - 16/56. Suppose -d*v - 9 + 36 = 0. Calculate the remainder when v is divided by 4.
1
Let a = 8 - 5. Suppose -3*f + 2 + 5 = -4*p, -a*f + 13 = -p. Suppose f*t - 4 = 11. What is the remainder when 8 is divided by t?
2
Let w be (-2)/(-3)*24/1. Suppose -2*o + 6*o = w. What is the remainder when (-2)/4 - (-142)/o is divided by 19?
16
Let u(c) = 3*c**3 - 3*c**2 + 5*c + 6. Calculate the remainder when u(2) is divided by 1*(-2)